te number?
True
Is 22894 prime?
False
Is 6667 a prime number?
False
Is 24953 a prime number?
True
Is 911201 a composite number?
False
Is 7669 prime?
True
Is 30727 a prime number?
True
Is 15727 a composite number?
False
Is 469969 prime?
True
Is 486833 a prime number?
True
Is 115179 composite?
True
Is 260047 prime?
True
Is 310883 a prime number?
True
Is 31529 prime?
False
Is 2977589 a composite number?
True
Is 1391 prime?
False
Is 12929 a composite number?
True
Is 27059 a composite number?
False
Is 11131 prime?
True
Is 17461 a composite number?
True
Is 4567 a composite number?
False
Is 40841 composite?
False
Is 938381 a composite number?
True
Is 152545 a composite number?
True
Is 50899 a prime number?
False
Is 357853 a composite number?
True
Is 11747 prime?
False
Is 442097 prime?
True
Is 5269 prime?
False
Is 14971 a prime number?
False
Is 116593 composite?
False
Is 223 a composite number?
False
Is 18451 prime?
True
Is 10741 a prime number?
False
Is 29381 a composite number?
True
Is 28019 composite?
False
Is 320653 composite?
True
Is 9871 composite?
False
Is 26463 prime?
False
Is 334283 composite?
True
Is 3203 prime?
True
Is 19631 composite?
True
Is 10743 a prime number?
False
Is 171007 a prime number?
True
Is 60461 prime?
False
Is 106583 a composite number?
True
Is 230851 composite?
True
Is 62459 a composite number?
False
Is 371671 prime?
False
Is 679054 prime?
False
Is 5923 a composite number?
False
Is 146891 a prime number?
True
Is 13577 a composite number?
False
Is 122 a composite number?
True
Is 20411 a prime number?
True
Is 4847 a composite number?
True
Is 22201 composite?
True
Is 309359 composite?
False
Is 27887 a composite number?
True
Is 6229 a prime number?
True
Is 78457 prime?
False
Is 50503 composite?
False
Is 27179 a prime number?
True
Is 6947 a prime number?
True
Is 894331 prime?
False
Is 669 prime?
False
Is 305731 a composite number?
True
Is 932413 a prime number?
True
Is 15506 prime?
False
Is 430555 prime?
False
Is 90518 a composite number?
True
Is 96907 composite?
False
Is 24691 prime?
True
Is 48122 composite?
True
Is 58169 a composite number?
False
Is 4441 prime?
True
Is 1643 a composite number?
True
Is 73517 prime?
True
Is 672731 prime?
False
Is 22189 a prime number?
True
Is 9287 a composite number?
True
Is 20831 composite?
True
Is 6313 a prime number?
False
Is 25819 a composite number?
False
Is 4111 a composite number?
False
Is 46006 a prime number?
False
Is 10717 prime?
False
Is 147919 composite?
False
Is 37489 a composite number?
False
Is 18947 composite?
False
Is 99206 prime?
False
Is 46957 prime?
True
Is 966293 composite?
False
Is 58127 a composite number?
True
Is 269107 composite?
True
Is 509359 prime?
True
Is 80198 a composite number?
True
Is 51047 composite?
False
Is 105951 a composite number?
True
Is 24251 prime?
True
Is 244781 prime?
True
Is 151835 prime?
False
Is 4591 composite?
False
Is 1619633 prime?
True
Is 11081 composite?
True
Is 59611 a prime number?
True
Is 1457 composite?
True
Is 1141 composite?
True
Is 544259 prime?
True
Is 170483 composite?
False
Is 27413 prime?
False
Is 79511 a prime number?
False
Is 1177 composite?
True
Is 2579 a composite number?
False
Is 2819 a composite number?
False
Is 24029 prime?
True
Is 37703 composite?
True
Is 400381 a prime number?
True
Is 213459 a prime number?
False
Is 203649 composite?
True
Is 4703 prime?
True
Is 306491 prime?
True
Is 4201 a prime number?
True
Is 230551 a composite number?
False
Is 45983 composite?
True
Is 1087 a prime number?
True
Is 1212153 composite?
True
Is 1945 composite?
True
Is 32001 a prime number?
False
Is 2562485 a composite number?
True
Is 81717 composite?
True
Is 2503 prime?
True
Is 21047 a prime number?
False
Is 20297 a composite number?
False
Is 78557 a composite number?
True
Is 264697 composite?
False
Is 10133 prime?
True
Is 27037 prime?
False
Is 718469 prime?
False
Is 233069 prime?
True
Is 173131 composite?
True
Is 138841 composite?
False
Is 7401 prime?
False
Is 884899 a composite number?
False
Is 2888453 composite?
True
Is 161363 a prime number?
True
Is 186541 composite?
True
Is 21839 composite?
False
Is 790961 a prime number?
True
Is 56969 composite?
True
Is 25859 prime?
False
Is 7571 a composite number?
True
Is 2602987 composite?
True
Is 11983 composite?
True
Is 11483 a composite number?
False
Is 1467209 composite?
False
Is 42623 a composite number?
True
Is 2467763 composite?
False
Is 151789 prime?
False
Is 2633 a prime number?
True
Is 4741 a composite number?
True
Is 105091 a composite number?
True
Is 88701 composite?
True
Is 53933 composite?
True
Is 1973 prime?
True
Is 77447 prime?
True
Is 38343 prime?
False
Is 106235 prime?
False
Is 6007 a prime number?
True
Is 1286489 a prime number?
True
Is 30739 a prime number?
False
Is 90043 composite?
True
Is 39451 prime?
True
Is 178355 prime?
False
Is 27479 a prime number?
True
Is 306197 composite?
True
Is 25807 composite?
True
Is 12677 a composite number?
True
Is 20369 prime?
True
Is 75079 a composite number?
False
Is 2199 prime?
False
Is 252062 a composite number?
True
Is 419047 a composite number?
False
Is 3016199 a composite number?
False
Is 12437 composite?
False
Is 898341 a prime number?
False
Is 87603 a composite number?
True
Is 2939 prime?
True
Is 7547699 composite?
False
Is 13957 a prime number?
False
Is 844001 a prime number?
True
Is 21302 composite?
True
Is 855359 a prime number?
True
Is 120509 prime?
False
Is 1822547 prime?
True
Is 17681 a prime number?
True
Is 88187 a composite number?
True
Is 116461 prime?
True
Is 15506 composite?
True
Is 57542 a prime number?
False
Is 19165 composite?
True
Is 6163 composite?
False
Is 13589 a prime number?
False
Is 38579 a composite number?
True
Is 29327 composite?
False
Is 730217 prime?
True
Is 50497 a composite number?
False
Is 180871 a composite number?
False
Is 86281 composite?
True
Is 3191 composite?
False
Is 3989 prime?
True
Is 115293 a composite number?
True
Is 47321 a composite number?
True
Is 4762 a composite number?
True
Is 85991 a prime number?
True
Is 31715 a composite number?
True
Is 141485 composite?
True
Is 28387 prime?
True
Is 6733 prime?
True
Is 13553 prime?
True
Is 191747 prime?
True
Is 235 a prime number?
False
Is 61279 a composite number?
True
Is 107687 composite?
False
Is 11962 a composite number?
True
Is 30947 composite?
True
Is 463 a prime number?
True
Is 64217 prime?
True
Is 5071 a prime number?
False
Is 3532439 prime?
True
Is 85991 composite?
False
Is 1360171 composite?
False
Is 1331269 prime?
True
Is 131419 a composite number?
True
Is 12791 prime?
True
Is 88051 a composite number?
True
Is 96493 a composite number?
False
Is 1939 a composite number?
True
Is 6029 prime?
True
Is 252313 composite?
False
Is 271481 a composite number?
True
Is 2206 prime?
False
Is 1943 a composite number?
True
Is 11335 a prime number?
False
Is 404257 prime?
False
Is 11359 a composite number?
True
Is 789779 a composite number?
True
Is 175037 prime?
False
Is 79719 a composite number?
True
Is 420191 composite?
False
Is 362333 a composite number?
False
Is 3755 a composite number?
True
Is 86753 prime?
True
Is 135097 composite?
True
Is 39529 composite?
True
Is 13649 prime?
True
Is 105278 a composite number?
True
Is 368359 prime?
True
Is 147633 a composite number?
True
Is 7827 a prime number?
False
Is 23417 prime?
True
Is 141131 a composite number?
False
Is 52177 a prime number?
True
Is 3181973 a composite number?
False
Is 1057 a prime number?
False
Is 77386 a composite number?
True
Is 286367 a prime number?
True
Is 6581 a composite number?
False
Is 18331 prime?
False
Is 331 a prime number?
True
Is 2682803 prime?
True
Is 143347 composite?
True
Is 449051 composite?
False
Is 11549 prime?
True
Is 43777 composite?
False
Is 618531 composite?
True
Is 95611 a composite number?
True
Is 148301 prime?
True
Is 18023 prime?
False
Is 384359 composite?
False
Is 13513 composite?
False
Is 508867 prime?
True
Is 155327 composite?
False
Is 47599 prime?
True
Is 1279351 composite?
True
Is 1949 prime?
True
Is 37331 a prime number?
False
Is 185593 prime?
True
Is 23117 composite?
False
Is 15868181 a composite number?
True
Is 70663 composite?
False
Is 46327 a prime number?
True
Is 7279 a composite number?
True
Is 3155 a composite number?
True
Is 140891 composite?
False
Is 15997